u - 4*v - 2 = 3*u. Is ((1 - 8) + u)*-19 a prime number?
False
Suppose -j + 4*b + 26165 = 0, 2*b - 104606 = -8*j + 4*j. Is j composite?
False
Let g = -247 + -1104. Let f = g + 2068. Is f composite?
True
Suppose -2*p + 4 = -6*p, 3*l + p + 4 = 0. Let u be (-3)/((-2)/(-2)*l). Suppose 197 + 184 = u*z. Is z prime?
True
Suppose -3*r + v - 3 = 0, 5*v + 13 = r - 0*v. Is (-14 + -225)/(r/6) a prime number?
False
Let d = -255 + -37. Let g = d - -123. Let x = -86 - g. Is x a prime number?
True
Let h be -2 + -1 + 35 + -5. Suppose 1 = -2*x - p - h, -4*x - 60 = p. Is (x/(-20))/(4/70) a composite number?
True
Suppose 60 = -2*j - 2*j. Let a be (j/9)/((-1)/3). Suppose -3170 + 15 = -a*c. Is c a prime number?
True
Let w(d) = 28*d**2 + 25*d + 76. Is w(-21) a composite number?
True
Let f(o) = 270*o - 197. Is f(7) prime?
True
Suppose 49985 = -273*s + 286*s. Is s a composite number?
True
Is 4/9*2632323/164*3 composite?
False
Suppose 0 = 25*v - 53*v + 95284. Is v prime?
False
Let h be 21/(2/6*3). Let x = 111 - 109. Suppose k + x*k = h. Is k a composite number?
False
Suppose 0 = -49*x + 147856 + 109933. Is x a composite number?
False
Is -1*(-6333 - 5) + -5 a composite number?
True
Let g = 2023 + -954. Is g a prime number?
True
Is 27/3 + -3 + 2603 a prime number?
True
Suppose -4*v + 9*v - 3905 = 0. Is v prime?
False
Suppose 0 = -4*h + 3*h + w + 2775, -5*h + 13883 = -w. Is h a prime number?
True
Suppose -3*l = 11*y - 14*y + 28506, 5*l - 9532 = -y. Is y a prime number?
False
Suppose 12*r - 5*m = 14*r - 12538, 5*m = 2*r - 12498. Is r prime?
False
Let u(s) = -62*s + 4. Let i be u(-6). Let q = 595 + i. Is q prime?
True
Let q = -8 + 1. Let h = q + 28. Suppose 3*x = -0*a + a - h, -x = 4*a - 32. Is a prime?
False
Suppose -16 = -7*j + 3*j. Let c(w) = -2*w + 1. Let n be c(-2). Suppose n*u + 87 = 2*t - 30, j*t = 4*u + 216. Is t prime?
False
Let o be 3/((30/4)/5). Suppose -2*c = -3*k - c + 239, 4*k = -o*c + 312. Is k prime?
True
Let j(s) = -2166*s - 115. Is j(-21) prime?
False
Suppose -2*l + 5 = 5*b - 2, 2*b - 5*l - 26 = 0. Suppose b*w + 155 - 908 = 0. Is w a prime number?
True
Let x be (2 + 0 + -2)/(1 - 2). Suppose x = -5*o + 915 + 200. Is o a composite number?
False
Let z(l) = 4*l + 4. Let s(a) = a**2 + 12*a + 9. Let x be s(-11). Let h be z(x). Is (h - (-8)/4) + 559 a prime number?
True
Let l(c) = 458*c**2 + 6*c + 7. Let w be l(-4). Suppose -w = 7*t - 10*t. Is t prime?
True
Let b = -30 - -44. Suppose b*h - 10*h = 1052. Is h prime?
True
Let k be (-5)/(-40) + (-46)/(-16). Suppose 0 = k*y - 1664 - 1057. Is y a composite number?
False
Is 16521 + (28/(-2) - -2) a prime number?
False
Suppose 0*k - 12 = -4*k. Is 2/k - 23720/(-24) a prime number?
False
Let y be (502 - -4)/1 - -2. Is (33/(-22))/((-6)/y) prime?
True
Let b = 5277 + -1538. Is b a prime number?
True
Suppose 2 = -4*i + 6, 5*f - i = 42504. Is f composite?
False
Suppose -69323 = -4*k + 3*o - 21643, 3*k + 3*o = 35781. Is k prime?
True
Let j(x) = 3*x**3 + 8*x**2 - 1. Suppose -4*d + 20 = d. Is j(d) a composite number?
True
Let r = -36 + 31. Let s(m) = -369*m - 8. Is s(r) composite?
True
Let t(i) = -7*i - 2. Let g(b) = 6*b + 3. Let n(v) = -3*g(v) - 4*t(v). Suppose 3*c = 2*r - 2*c - 7, 0 = 3*r - 4*c - 14. Is n(r) prime?
True
Let w = -17 + 20. Let b(u) = 4*u + 21. Let a(x) = 5*x + 20. Let j(z) = w*b(z) - 4*a(z). Is j(-12) prime?
True
Let q = -41 + 41. Suppose q = -h - 7*h + 112. Is h prime?
False
Let x(w) = 82*w**2 - 9*w - 75. Is x(-20) a composite number?
True
Suppose 3*p + 0*c = -2*c - 17, -2*p - 6 = -4*c. Let r(i) = -605*i**2 + 7*i + 10. Let s be r(p). Is 1/4 - s/40 a composite number?
False
Is 17/102 + (-112721)/(-6) prime?
True
Suppose 0 = 5*d + v - 2089, -d = 3*d - 5*v - 1677. Suppose -2*u + d = l, -2*u - l + 629 = u. Is u prime?
True
Let w(q) = 194*q - 15. Let u(i) = i**3 - 4*i**2 - 3*i - 5. Let l be u(5). Is w(l) prime?
False
Let l(c) = -235*c**3 + c**2 + 4*c + 11. Let k be l(-3). Suppose -3*u - 2*g = -k, -2*u + 0*g = 2*g - 4234. Is u a composite number?
True
Let r(j) = -5*j**2 - j. Let p be r(1). Let o(b) = -134*b - 57. Let a(i) = 89*i + 38. Let c(s) = -8*a(s) - 5*o(s). Is c(p) a prime number?
True
Suppose 4*d + d = 550. Suppose -5*f - x = -d, 5*x = 2*f + 4*x - 51. Is f a composite number?
False
Let z(d) = 1. Let s(r) = 76*r - 6. Let c(a) = -s(a) + 3*z(a). Is c(-5) composite?
False
Suppose -4*k = 23*k - 504117. Is k a composite number?
False
Is 7 - (-2 - -6) - -28*92 composite?
False
Let n = -353 - -688. Suppose 6*l - 1313 = -n. Is l composite?
False
Let u(h) = -24*h**3 - 6*h**2 + 6*h - 13. Is u(-6) a prime number?
True
Suppose -12 = -3*c, -c - 8212 = -0*p + 4*p. Let o = -116 - p. Is 4/(8/o) + 2 a prime number?
True
Suppose 2*d + 3 = 5*d. Is (-130 - d)/((-3)/9) prime?
False
Let q be (3 + 1)*49/(-28). Let z(s) = -7*s + 3. Let w be z(q). Suppose -6*l = -2*l - w. Is l prime?
True
Suppose 4*c + 0*c - 8 = 0. Is c/(-2) - (-377 + -1 + 4) prime?
True
Let d = -2 + 6. Let i be 6/d + (-118)/(-4). Suppose -t + 256 = -i. Is t prime?
False
Suppose x + x - 9326 = -4*k, 11659 = 5*k + 2*x. Is k a composite number?
False
Suppose 4*z = 16*z - 5412. Is z composite?
True
Let h = 16 + -23. Let z(q) = -q**3 - 6*q**2 + 9*q + 3. Let x be z(h). Is (x/1)/((-1)/3) a prime number?
False
Suppose 0 = -0*o + 4*o - 2*i - 6824, -o = -5*i - 1688. Let y = -887 + o. Is y a composite number?
False
Let m(z) = z**2 - 4*z - 5. Let i be m(5). Suppose i = 5*p + 6 - 26. Suppose -4*v + 1736 + 1419 = 3*a, 0 = p*v - a - 3135. Is v composite?
True
Let s(k) = -2*k**3 - 2*k**2 + 3*k + 3. Let y be s(-2). Suppose 31 = -2*a - y*w, 0 = 4*a + 3*w - 4*w + 7. Is (500 - (a - -4))*1 composite?
False
Suppose -4*k + 69203 = k - x, 3*k - 4*x - 41515 = 0. Is k prime?
True
Suppose 0 = -115*p + 2174617 + 1578868. Is p composite?
True
Let t(y) = y**3 + 19*y**2 - 18*y + 40. Let d be t(-20). Is (2 - (d - 1)) + 410 a prime number?
False
Is (-6349)/(-3) - 1/(-3)*2 a prime number?
False
Suppose 12 = 4*k, 0*j = 4*j + 5*k - 23771. Is j composite?
False
Let d(g) = -g**3 - 11*g**2 - 8*g + 12. Let x be d(-10). Let m(u) = -u**3 - 5*u**2 - u - 3. Let j be m(x). Let a = j - 20. Is a a composite number?
True
Let x(l) be the second derivative of 203*l**3/6 + 3*l**2 - 3*l. Is x(1) a composite number?
True
Suppose 8*j - 1700 = -2*j. Let h = 7 + j. Is h composite?
True
Let o be ((-12)/2)/(18/12). Let j be (2/(-4))/(o/16). Suppose -t = j*s - 174, -5*t + 161 + 13 = 2*s. Is s a prime number?
False
Let b = 85 + -45. Let p = 84 - b. Let f = p - -9. Is f a prime number?
True
Let i(h) = 8*h**3 - 4*h**2 + 7*h - 7. Suppose -20 = -3*a - 2*a. Is i(a) prime?
False
Suppose -240 = -5*u + u + d, -u + 4*d = -45. Suppose 3*x + u = 4*x + 2*c, 0 = -4*x + 5*c + 296. Is x a composite number?
True
Let j(d) = d**2 + 10*d - 4. Let c be j(-13). Suppose -5*x - c = -445. Is x composite?
True
Let q = 6 - 4. Let c(j) = 4*j**2 + 2*j - 1. Let t be c(q). Suppose h - 12 = t. Is h prime?
True
Suppose -3*p + 2166 = 3*b, 3*b + 0*b = 6. Suppose -p = -2*o + 3214. Is o composite?
True
Suppose 5*i = -681 + 66. Let n = i + 1162. Is n prime?
True
Let j(b) = 35*b**2 + 16*b + 40. Is j(-13) a composite number?
True
Let r(k) = -246*k**3 + k + 1. Let x be r(-1). Let i be ((-6)/8)/((-7)/(-812)). Let l = x + i. Is l composite?
True
Let s(m) = 624*m**2 + 21*m + 95. Is s(-6) a prime number?
True
Let s be (-19074)/(-10) + 1/(35/(-14)). Suppose b + 726 - s = 0. Is b a prime number?
True
Let k = -32 + 30. Is (k/(-4))/((-7)/(-4186)) composite?
True
Suppose 13147 = 10*y + 2327. Is y a prime number?
False
Let s = 44 + -37. Suppose -4*y = -s*y - 2*f + 5141, -f = -3*y + 5156. Suppose 6*x = 3*x - 5*z + 5219, x - y = 4*z. Is x a prime number?
True
Let o(f) = 2*f**2 - 8*f. Let j be o(7). Let u be 7/j + 11126/(-12). Let i = -590 - u. Is i a composite number?
False
Suppose -3*c - 2*c + 19269 = g, 5*c + 76976 = 4*g. Is g a composite number?
False
Suppose -4 - 5 = -3*b. Suppose 0 = b*v - 3 - 3. Let c(q) = 171*q**2 - 1. Is c(v) composite?
False
Let v be (-6)/4*-24 + 0. Is (-6697)/(-6) - (-30)/v a composite number?
False
Suppose 2*b + 2864558 = 48*b. Is b composite?
False
Suppose -5*d - 230 = r - 3133, 4*d = -r + 2322. Is d a composite number?
True
Let r = 10 - -5. Let o = r + -11. Is ((-2)/6)/(o/(-2424)) prime?
False
Let t(g) = g**3 - 5*g**2 + 7*g - 10. Let j be t(4). S